= 2*b + 4*f. Suppose -4*m = b*d + 4, -5*d + 3 = -12. What is the hundreds digit of u(m)?
1
Let u = -57589 - -82396. What is the ten thousands digit of u?
2
Let l(s) = 3*s - 17. Let h(j) be the second derivative of j**3 - 35*j**2/2 + 13*j. Let z(k) = 6*h(k) - 13*l(k). What is the units digit of z(3)?
2
Suppose -c + 1 = -2*q - 7, 0 = -2*c - q + 6. Suppose y - 2*h - 3*h - 722 = 0, -c*y + 2*h = -2924. What is the units digit of y?
2
Suppose -16*o - 37 - 11 = 0. What is the hundreds digit of (-4)/(-8)*(205 + (-3)/o)?
1
Suppose -a + 0 + 2 = 0, -1101 = -3*b - 3*a. Suppose 5*r - 2*x - 372 = 0, 0 = 5*r - 0*r + 5*x - b. What is the units digit of r?
4
Suppose -11086 = -4*v - 2*q, 8*q + 2755 = v + 3*q. What is the thousands digit of v?
2
Suppose -f = 3*a - 8*a + 40, 3*a - 24 = -2*f. Suppose a*l + 2308 = 12*l. What is the units digit of l?
7
Suppose 2*d + 59*p = 54*p + 18800, 0 = -5*d - 2*p + 47042. What is the thousands digit of d?
9
Let v = -261 - -3151. What is the tens digit of v?
9
Let w(g) = 5*g**3 + 4*g**2 + 2*g + 680. What is the hundreds digit of w(19)?
4
Suppose 4*l + 10573 = 5*k - 13071, -4*l = -3*k + 14188. What is the thousands digit of (k/(-28))/(3/(-21))?
1
Let p(d) = d**3 + 4*d**2 - 10*d - 8. Let z be p(-6). What is the units digit of (-1 - -30) + 16 + z?
5
Suppose -4*u + 3*f = -97532, f = 5*u + 6593 - 128508. What is the ten thousands digit of u?
2
Suppose -343 = -3*h + 293. Let i = h + 776. Suppose -8*t + 4*t + i = 0. What is the hundreds digit of t?
2
Let i(f) = f**3 - f**2 - 4*f - 4. Let r be i(3). Let o(q) = -2*q**2 + 3. Let a be o(r). Let l(z) = -2*z**2 - 10*z + 3. What is the units digit of l(a)?
3
Suppose 2*x - 77544 - 67255 = -5*m, 2*x = -m + 144787. What is the units digit of x?
2
What is the units digit of ((-8)/16)/((-21)/388626)?
3
Let c = 4271 - 2527. Suppose 4*k + 5*l + 26 = 1427, l = 5*k - c. What is the hundreds digit of k?
3
Suppose 2*n - 3*l + 180 = 3*n, -4*n + 5*l + 669 = 0. What is the hundreds digit of ((-24)/10*(n + -11))/(-1)?
3
Let l(j) = 25*j**2 - j - 8. Suppose -37*u + 57*u + 140 = 0. What is the units digit of l(u)?
4
Let g(z) = -z**3 + 3*z**2 + 12*z - 5. Let d be g(5). Suppose 0 = d*n + 25 + 45. What is the tens digit of (-654)/(-15) + n/(-35)?
4
What is the hundreds digit of 2/(-3 - (-287772)/95916)?
9
Suppose p + 234 = 4*c, p - 179 = -2*c - c. Suppose c = 3*v - 499. What is the units digit of v?
6
Let j = 29 + -47. Let w be j/(-117) - 1354/13. Let x = w + 115. What is the units digit of x?
1
Suppose -5*t = 4*y + 33, 2*y = -0*y - 3*t - 19. Let i be (-9)/y*(0 + (-248)/12). What is the tens digit of (i + -5)*3/(-6)?
4
Suppose -2*m + 11 = -77. Suppose -5*l - m = -16*l. Suppose 0 = -0*q - 5*q - 3*r + 593, -471 = -l*q + r. What is the tens digit of q?
1
Let i be (-3)/(-1*(-4)/(-372)). Suppose -y + 4*f = -i, 6*y - y = 3*f + 1310. What is the tens digit of y?
5
Suppose 52*y + 5 = 57*y, 5*y = -3*q + 5312. What is the thousands digit of q?
1
Suppose -v = 57*v - 1566. Suppose 4*p + 113 = -31. What is the tens digit of 32 - ((-8)/p + (-114)/v)?
3
Suppose 380*b - 381*b + 9 = 0. Suppose b*h = 3468 + 1113. What is the units digit of h?
9
Let c(u) = 10681*u + 4450. What is the ten thousands digit of c(4)?
4
Let j = 371 - -451. Suppose b + 5*k - 250 = 0, -11*b + 14*b - j = 3*k. What is the units digit of b?
0
Let d be 8 - 4 - -7 - -2. Let n(c) = -c**2 + 13*c - 28. Let t be n(d). Let a = t - -34. What is the units digit of a?
6
Let m(v) = -2*v**2 + v - 4. Let j be m(7). Let x = 54 + j. Let y = 101 + x. What is the tens digit of y?
6
Suppose -10*u = 31046 - 99636. What is the units digit of u?
9
Let b = 812 - 1880. Let s = 2092 + b. What is the tens digit of s?
2
Suppose -2*r - 2053 + 16509 = 0. What is the hundreds digit of r?
2
Let a(i) = 620*i - 575*i - 22 - 26. What is the units digit of a(9)?
7
Let w be 2/4*1/(3/54). Suppose -8*s = -4*s + w*s. What is the tens digit of (1*8)/(4/6) - s?
1
Let z = 352 - -336. Suppose z = 32*u - 30*u. What is the tens digit of u?
4
Let t be (-12)/(-4) - (1 + 0). Suppose t*l - s + 208 = -143, 4*l + 690 = -2*s. What is the hundreds digit of (-5)/1*l/15*2?
1
Let r(y) = 2*y**3 + 8*y**2 - 12*y + 10. Let u be r(5). Suppose -u = 2*q + 4*n - 3302, 0 = 5*q + n - 7264. What is the tens digit of q?
5
Suppose 0 = 41*m + 32 - 114. Suppose -4*q + 3103 = -5*k, -5*q + 1678 + 2205 = -m*k. What is the hundreds digit of q?
7
Let a(r) = r**3 - 20*r**2 + 40*r - 26. Let j(m) = -4*m + 70. Let t be j(13). What is the tens digit of a(t)?
4
Let b(p) = 5*p - 2. Suppose -20*c + 22*c - 2 = 0. Let i be b(c). Suppose -12 = -i*f, s - 57 = 3*f - 2. What is the tens digit of s?
6
Let v = -484 + 486. Suppose -34*u + 3054 = -30*u - v*w, 0 = -5*w + 25. What is the hundreds digit of u?
7
Suppose 12*g = 7*g + 40. Suppose -138 = g*a - 2634. What is the units digit of a?
2
Let h(z) = -1994*z**3 - 5*z**2 + 8*z + 17. Let d be h(7). What is the hundreds digit of 4/(-14) + d/(-798)?
8
Suppose 0 = -122*d + 120*d + 3*a + 108430, -a = -5*d + 271101. What is the tens digit of d?
2
Let j(l) = l**3 - 19*l**2 - 21*l + 25. Let y be j(20). Suppose y*w = 5*x + 926 - 5421, -x - w + 893 = 0. What is the units digit of x/7*2/4?
4
Suppose -3*v = 5*q - 8*v + 115, -4*q = 4*v + 52. What is the tens digit of 3066/4 - 13/(156/q)?
6
Let w = 69484 + -40967. What is the units digit of w?
7
Suppose -3*c - 2*p = 8, -66*c + 62*c + 20 = -5*p. Suppose 3*w - 1322 = -l - 2*w, l - 2*w - 1329 = c. What is the thousands digit of l?
1
Let n be 96/(-128) + 3/4. Suppose -4*x = 4*p + 811 - 3851, n = 2*p - 3*x - 1515. What is the hundreds digit of p?
7
Let r(w) = -3*w + 10. Let a be r(3). Suppose a = -4*c + 5. What is the tens digit of 90/c + ((-20)/2)/5?
8
Let d(l) = 26*l - 39. Let g be d(4). Let v = 3 + g. What is the units digit of v?
8
Let m = 82266 + -41540. What is the ten thousands digit of m?
4
Suppose -2*y + 0*j = -2*j + 236, -4*j = 20. Let c = y + 92. Let p = c - -94. What is the units digit of p?
3
Suppose -2*c = 5*m - 71410, 12*c - 5*m - 178665 = 7*c. What is the units digit of c?
5
Let h(l) = 8*l**2 + 42*l - 39. What is the thousands digit of h(16)?
2
Suppose 0 = -8*o + 14*o - 138. Suppose -15*c + o*c = 2904. What is the tens digit of c?
6
Let m(t) = 43 + 2*t + t - 45 - 130*t**2 - 7*t. Let l be m(-1). Let s = l - -234. What is the units digit of s?
6
Let t(p) = -4 + 1 - 4 - 52*p + p. Let h(s) = s**3 + 38*s**2 - 44*s - 197. Let l be h(-39). What is the tens digit of t(l)?
9
Let v(a) = -2*a + 50. Let k be v(24). What is the tens digit of -12*k/(-6) - -519?
2
Suppose 5*h - 4*h - 27 = 0. Let p be 3 + (4/3)/((-2)/h). What is the units digit of (p/(-25) + 6/15)/1?
1
Suppose 0 = -7*b + 3*b - 3*w + 13168, -4*w + 16 = 0. What is the hundreds digit of b?
2
Let j(i) = -9*i**3 - 5*i**2 + 40*i + 1293. What is the thousands digit of j(-15)?
9
Suppose 148*i - 147*i - 3159 = -656. What is the tens digit of i?
0
Let q = 17396 - -26236. What is the hundreds digit of q?
6
Let s be -1 + (-4)/(8/2638). Let y = s + 2820. Suppose 227 = 11*q - y. What is the tens digit of q?
5
Let k be -4 - (-12 - -6) - -180. Let v = -86 + k. What is the units digit of v?
6
Let v = 7974 + -4537. What is the hundreds digit of v?
4
Let m(g) be the second derivative of -10*g**3 - 145*g**2/2 - 12*g + 1. What is the tens digit of m(-13)?
3
Let j = 432 - 282. Suppose -5*a + 6*a = j. What is the tens digit of a?
5
Suppose -3*g + 18 = 5*n - g, 5*g = n + 18. Suppose -3*c - 9 = 2*h, 3*h + 12 = h - n*c. Let y(s) = s**2 - 5*s - 8. What is the tens digit of y(h)?
1
Let q = 2218 + -3853. Let j = q + 2669. What is the units digit of j?
4
What is the thousands digit of 1811894/74 - (-152)/(-2812)?
4
Let b be (-10 + 8 + 1/1)*-2. Suppose 5*k = -5*x + b*x + 916, -k = 2*x - 599. What is the hundreds digit of x?
2
Suppose 36 + 24 = 4*i - n, -i - 5*n - 6 = 0. Let l = 288 - 282. Suppose -l*s - 1056 = -i*s. What is the tens digit of s?
3
Let r = -25 - -39. Let z(p) = -2*p**2 + 34*p + 58. What is the units digit of z(r)?
2
Suppose 307 + 221 = 16*h. Suppose h*z = 29*z + 2568. What is the hundreds digit of z?
6
Let y be 3/(-9)*6 - (-70)/2. Suppose -40*q = -y*q - 203. What is the tens digit of q?
2
Let r(b) = b**3 - 2*b**2 + b - 4. Let n be r(2). Let a be 34/3 + 3 - n/3. What is the tens digit of a*1 + (-10)/5?
1
Let f = -